{"id":35,"date":"2017-04-30T16:11:32","date_gmt":"2017-04-30T16:11:32","guid":{"rendered":"http:\/\/schlu.de\/?page_id=35"},"modified":"2018-05-24T19:50:46","modified_gmt":"2018-05-24T17:50:46","slug":"ueber-mich","status":"publish","type":"page","link":"https:\/\/schlu.de\/?page_id=35","title":{"rendered":"\u00dcber mich"},"content":{"rendered":"<p>Herzlich willkommen in meinem virtuellen Heim. Das hier verk\u00f6rpert sozusagen einen <i>Konrad aus der Konservenb\u00fcchse<\/i> (in Anlehnung an das Buch von Christine N\u00f6stlinger). Meine richtige Heimat ist aber Jestetten, eine Gemeinde an der Grenze zur Schweiz, nahe des Rheinfalls.<\/p>\n<p>Diese Homepage bietet einige Informationen zu meinen Aktivit\u00e4ten in Ehrenamt und in Mathematik.<\/p>\n<p>Ich bin Diplom-Mathematiker und habe am Institut f\u00fcr Theoretische Informatik der ETH Z\u00fcrich promoviert. Nun bin ich als Software-Tester t\u00e4tig.<\/p>\n<p>Einige meiner \u00f6ffentlichen Aufgaben<\/p>\n<ul>\n<li>Leiter Bildungswerk Jestetten (seit 1998)<\/li>\n<li>Gemeinderat Jestetten (seit 1999) und Mitglied im Bauausschuss (seit 2009)<\/li>\n<li>Vorsitzender CDU Jestetten (seit 2013)<\/li>\n<li>Koordinator f\u00fcr die Erfassung der Kleindenkmale in Jestetten und Dettighofen<\/li>\n<li>Mitglied der Redaktion der Jestetter Dorfchronik<\/li>\n<li>Vorstandsmitglied Kolping<\/li>\n<\/ul>\n<p>&nbsp;<\/p>\n<figure id=\"attachment_145\" aria-describedby=\"caption-attachment-145\" style=\"width: 249px\" class=\"wp-caption alignnone\"><img loading=\"lazy\" decoding=\"async\" class=\"size-full wp-image-145\" src=\"http:\/\/schlu.de\/wp-content\/uploads\/2017\/05\/cropped-KonradSchlude.jpg\" alt=\"\" width=\"249\" height=\"250\" srcset=\"https:\/\/schlu.de\/wp-content\/uploads\/2017\/05\/cropped-KonradSchlude.jpg 249w, https:\/\/schlu.de\/wp-content\/uploads\/2017\/05\/cropped-KonradSchlude-150x150.jpg 150w, https:\/\/schlu.de\/wp-content\/uploads\/2017\/05\/cropped-KonradSchlude-100x100.jpg 100w\" sizes=\"auto, (max-width: 249px) 100vw, 249px\" \/><figcaption id=\"caption-attachment-145\" class=\"wp-caption-text\">Konrad Schlude<\/figcaption><\/figure>\n<p><a href=\"mailto:konrad@schlu.de\">konrad@schlu.de<\/a><\/p>\n<p>&nbsp;<\/p>\n<p>Disclaimer:<\/p>\n<p>Dies ist eine private Homepage und dient nur dazu, anderen Menschen Informationen zur Verf\u00fcgung zu stellen. Hier kommen keine Tracker, Cookies oder andere Hilfsmittel zum Einsatz, es werden keine Besucherdaten an Google oder sonstige Datensammler geschickt.<\/p>\n<p><strong><span lang=\"DE-CH\">Verantwortlich f\u00fcr den Inhalt nach \u00a7 55 Abs. 2 RStV:<\/span><\/strong><span lang=\"DE-CH\"><br \/>\nKonrad Schlude<br \/>\nHombergstra\u00dfe 8<br \/>\n79798 Jestetten<br \/>\n<\/span><\/p>\n<p><strong><span lang=\"DE-CH\">Haftungsausschluss: <\/span><\/strong><\/p>\n<p><strong>Haftung f\u00fcr Inhalte<\/strong><\/p>\n<p>Die Inhalte unserer Seiten wurden mit gr\u00f6\u00dfter Sorgfalt erstellt. F\u00fcr die Richtigkeit, Vollst\u00e4ndigkeit und Aktualit\u00e4t der Inhalte k\u00f6nnen wir jedoch keine Gew\u00e4hr \u00fcbernehmen. Als Diensteanbieter sind wir gem\u00e4\u00df \u00a7 7 Abs.1 TMG f\u00fcr eigene Inhalte auf diesen Seiten nach den allgemeinen Gesetzen verantwortlich. Nach \u00a7\u00a7 8 bis 10 TMG sind wir als Diensteanbieter jedoch nicht verpflichtet, \u00fcbermittelte oder gespeicherte fremde Informationen zu \u00fcberwachen oder nach Umst\u00e4nden zu forschen, die auf eine rechtswidrige T\u00e4tigkeit hinweisen. Verpflichtungen zur Entfernung oder Sperrung der Nutzung von Informationen nach den allgemeinen Gesetzen bleiben hiervon unber\u00fchrt. Eine diesbez\u00fcgliche Haftung ist jedoch erst ab dem Zeitpunkt der Kenntnis einer konkreten Rechtsverletzung m\u00f6glich. Bei Bekanntwerden von entsprechenden Rechtsverletzungen werden wir diese Inhalte umgehend entfernen.<\/p>\n<p><strong>Haftung f\u00fcr Links<\/strong><\/p>\n<p>Unser Angebot enth\u00e4lt Links zu externen Webseiten Dritter, auf deren Inhalte wir keinen Einfluss haben. Deshalb k\u00f6nnen wir f\u00fcr diese fremden Inhalte auch keine Gew\u00e4hr \u00fcbernehmen. F\u00fcr die Inhalte der verlinkten Seiten ist stets der jeweilige Anbieter oder Betreiber der Seiten verantwortlich. Die verlinkten Seiten wurden zum Zeitpunkt der Verlinkung auf m\u00f6gliche Rechtsverst\u00f6\u00dfe \u00fcberpr\u00fcft. Rechtswidrige Inhalte waren zum Zeitpunkt der Verlinkung nicht erkennbar. Eine permanente inhaltliche Kontrolle der verlinkten Seiten ist jedoch ohne konkrete Anhaltspunkte einer Rechtsverletzung nicht zumutbar. Bei Bekanntwerden von Rechtsverletzungen werden wir derartige Links umgehend entfernen.<\/p>\n<p><strong>Urheberrecht<\/strong><\/p>\n<p>Die durch die Seitenbetreiber erstellten Inhalte und Werke auf diesen Seiten unterliegen dem deutschen Urheberrecht. Die Vervielf\u00e4ltigung, Bearbeitung, Verbreitung und jede Art der Verwertung au\u00dferhalb der Grenzen des Urheberrechtes bed\u00fcrfen der schriftlichen Zustimmung des jeweiligen Autors bzw. Erstellers. Downloads und Kopien dieser Seite sind nur f\u00fcr den privaten, nicht kommerziellen Gebrauch gestattet. Soweit die Inhalte auf dieser Seite nicht vom Betreiber erstellt wurden, werden die Urheberrechte Dritter beachtet. Insbesondere werden Inhalte Dritter als solche gekennzeichnet. Sollten Sie trotzdem auf eine Urheberrechtsverletzung aufmerksam werden, bitten wir um einen entsprechenden Hinweis. Bei Bekanntwerden von Rechtsverletzungen werden wir derartige Inhalte umgehend entfernen.<\/p>\n<p><strong>Datenschutz<\/strong><\/p>\n<p>Die Nutzung dieser Webseite ist ohne Angabe personenbezogener Daten m\u00f6glich. Durch den Besuch der Webseite des Anbieters k\u00f6nnen Informationen \u00fcber den Zugriff (Datum, Uhrzeit, betrachtete Seite) gespeichert werden. Diese Daten geh\u00f6ren nicht zu den personenbezogenen Daten, sondern sind anonymisiert.<br \/>\nWir weisen darauf hin, dass die Daten\u00fcbertragung im Internet (z.B. bei der Kommunikation per E-Mail) Sicherheitsl\u00fccken aufweisen kann. Ein l\u00fcckenloser Schutz der Daten vor dem Zugriff durch Dritte ist nicht m\u00f6glich.<br \/>\nDer Nutzung von im Rahmen der Impressumspflicht ver\u00f6ffentlichten Kontaktdaten durch Dritte zur \u00dcbersendung von nicht ausdr\u00fccklich angeforderter Werbung und Informationsmaterialien wird hiermit ausdr\u00fccklich widersprochen. Die Betreiber der Seiten behalten sich ausdr\u00fccklich rechtliche Schritte im Falle der unverlangten Zusendung von Werbeinformationen, etwa durch Spam-Mails, vor.<\/p>\n","protected":false},"excerpt":{"rendered":"<div class=\"mh-excerpt\"><p>Herzlich willkommen in meinem virtuellen Heim. Das hier verk\u00f6rpert sozusagen einen Konrad aus der Konservenb\u00fcchse (in Anlehnung an das Buch von Christine N\u00f6stlinger). Meine richtige <a class=\"mh-excerpt-more\" href=\"https:\/\/schlu.de\/?page_id=35\" title=\"\u00dcber mich\">[&#8230;]<\/a><\/p>\n<\/div>","protected":false},"author":1,"featured_media":0,"parent":0,"menu_order":0,"comment_status":"closed","ping_status":"closed","template":"","meta":{"footnotes":""},"class_list":["post-35","page","type-page","status-publish","hentry"],"_links":{"self":[{"href":"https:\/\/schlu.de\/index.php?rest_route=\/wp\/v2\/pages\/35","targetHints":{"allow":["GET"]}}],"collection":[{"href":"https:\/\/schlu.de\/index.php?rest_route=\/wp\/v2\/pages"}],"about":[{"href":"https:\/\/schlu.de\/index.php?rest_route=\/wp\/v2\/types\/page"}],"author":[{"embeddable":true,"href":"https:\/\/schlu.de\/index.php?rest_route=\/wp\/v2\/users\/1"}],"replies":[{"embeddable":true,"href":"https:\/\/schlu.de\/index.php?rest_route=%2Fwp%2Fv2%2Fcomments&post=35"}],"version-history":[{"count":9,"href":"https:\/\/schlu.de\/index.php?rest_route=\/wp\/v2\/pages\/35\/revisions"}],"predecessor-version":[{"id":354,"href":"https:\/\/schlu.de\/index.php?rest_route=\/wp\/v2\/pages\/35\/revisions\/354"}],"wp:attachment":[{"href":"https:\/\/schlu.de\/index.php?rest_route=%2Fwp%2Fv2%2Fmedia&parent=35"}],"curies":[{"name":"wp","href":"https:\/\/api.w.org\/{rel}","templated":true}]}}