{"id":20,"date":"2017-04-30T13:10:04","date_gmt":"2017-04-30T13:10:04","guid":{"rendered":"http:\/\/schlu.de\/?page_id=20"},"modified":"2017-10-11T18:09:06","modified_gmt":"2017-10-11T16:09:06","slug":"bildungswerk","status":"publish","type":"page","link":"https:\/\/schlu.de\/?page_id=20","title":{"rendered":"Bildungswerk"},"content":{"rendered":"<p>Seit 1998 bin ich der Leiter des Bildungswerks Jestetten. Nach wie vor ist es eine f\u00fcr mich faszinierende T\u00e4tigkeit, ich organisiere dabei unterschiedlichste Veranstaltungen. Ein H\u00f6hepunkt war sicherlich der Vortrag von Erwin Teufel im Jahr 2010, seit etlichen Jahren bin ich an der Erforschung des Doppeloppidums Altenburg-Rheinau beteiligt, und die Veranstaltungen \u00fcber den Bildhauer Siegfried Fricker haben mir auch viel Spa\u00df gemacht.<\/p>\n<p>Ein laufenden Projekt ist die Erfassung der Kleindenkmale in Jestetten und Dettighofen.<\/p>\n<p>Weitere Informationen sind unter folgender Adresse zu finden: <a href=\"http:\/\/www.schlu.de\/bildungswerk\" target=\"_blank\" rel=\"noopener noreferrer\">Bildungswerk Jestetten<\/a><\/p>\n","protected":false},"excerpt":{"rendered":"<div class=\"mh-excerpt\"><p>Seit 1998 bin ich der Leiter des Bildungswerks Jestetten. Nach wie vor ist es eine f\u00fcr mich faszinierende T\u00e4tigkeit, ich organisiere dabei unterschiedlichste Veranstaltungen. Ein <a class=\"mh-excerpt-more\" href=\"https:\/\/schlu.de\/?page_id=20\" title=\"Bildungswerk\">[&#8230;]<\/a><\/p>\n<\/div>","protected":false},"author":1,"featured_media":0,"parent":2,"menu_order":1,"comment_status":"closed","ping_status":"closed","template":"","meta":{"footnotes":""},"class_list":["post-20","page","type-page","status-publish","hentry"],"_links":{"self":[{"href":"https:\/\/schlu.de\/index.php?rest_route=\/wp\/v2\/pages\/20","targetHints":{"allow":["GET"]}}],"collection":[{"href":"https:\/\/schlu.de\/index.php?rest_route=\/wp\/v2\/pages"}],"about":[{"href":"https:\/\/schlu.de\/index.php?rest_route=\/wp\/v2\/types\/page"}],"author":[{"embeddable":true,"href":"https:\/\/schlu.de\/index.php?rest_route=\/wp\/v2\/users\/1"}],"replies":[{"embeddable":true,"href":"https:\/\/schlu.de\/index.php?rest_route=%2Fwp%2Fv2%2Fcomments&post=20"}],"version-history":[{"count":5,"href":"https:\/\/schlu.de\/index.php?rest_route=\/wp\/v2\/pages\/20\/revisions"}],"predecessor-version":[{"id":270,"href":"https:\/\/schlu.de\/index.php?rest_route=\/wp\/v2\/pages\/20\/revisions\/270"}],"up":[{"embeddable":true,"href":"https:\/\/schlu.de\/index.php?rest_route=\/wp\/v2\/pages\/2"}],"wp:attachment":[{"href":"https:\/\/schlu.de\/index.php?rest_route=%2Fwp%2Fv2%2Fmedia&parent=20"}],"curies":[{"name":"wp","href":"https:\/\/api.w.org\/{rel}","templated":true}]}}

<p>Seit 1998 bin ich der Leiter des Bildungswerks Jestetten. Nach wie vor ist es eine für mich faszinierende Tätigkeit, ich organisiere dabei unterschiedlichste Veranstaltungen. Ein Höhepunkt war sicherlich der Vortrag von Erwin Teufel im Jahr 2010, seit etlichen Jahren bin ich an der Erforschung des Doppeloppidums Altenburg-Rheinau beteiligt, und die Veranstaltungen über den Bildhauer Siegfried Fricker haben mir auch viel Spaß gemacht.</p>
<p>Ein laufenden Projekt ist die Erfassung der Kleindenkmale in Jestetten und Dettighofen.</p>
<p>Weitere Informationen sind unter folgender Adresse zu finden: <a href="http://www.schlu.de/bildungswerk" target="_blank" rel="noopener noreferrer">Bildungswerk Jestetten</a></p>

<div class="mh-excerpt"><p>Seit 1998 bin ich der Leiter des Bildungswerks Jestetten. Nach wie vor ist es eine für mich faszinierende Tätigkeit, ich organisiere dabei unterschiedlichste Veranstaltungen. Ein <a class="mh-excerpt-more" href="https://schlu.de/?page_id=20" title="Bildungswerk">[&#8230;]</a></p>
</div>
